-56)).
2, 7
Let r = 15 - 16. What are the prime factors of -1*(2 + r - 44)?
43
What are the prime factors of (-3 - (-33)/6)*14?
5, 7
Let i(w) = 9*w. Suppose 0 = -3*h + 2*l - 14, 0 = 4*l - 5*l + 4. Let z = h - -3. What are the prime factors of i(z)?
3
Let u(a) be the second derivative of -3*a**5/20 - a**4/12 + 2*a**3/3 + 3*a**2/2 + 4*a. List the prime factors of u(-2).
3, 5
Suppose 5*w + 180 = -0*w. Let f = w + 60. Suppose 0 = 4*l - 2*t - 2*t - 36, 2*l + 4*t = f. What are the prime factors of l?
2, 5
Suppose -5*i + 590 = 110. What are the prime factors of i?
2, 3
Let x = 6 + -1. Suppose x*h - m = 13, 2*h + h - 3 = -m. Suppose -h*k + 2*j - 3 = -j, -50 = -5*k - 4*j. List the prime factors of k.
2, 3
Let r = 4 + -2. Suppose r*o + 5 = 5*y - 3*o, -4*y = 4*o - 36. What are the prime factors of y?
5
Let u = 2 - -3. Suppose u + 5 = 2*t. List the prime factors of t.
5
Suppose -85 = -4*l + o + 2*o, 0 = 3*l + o - 54. Suppose l = -3*k + 58. List the prime factors of k.
13
Let l be (28/8)/(3/(-6)). Suppose 0 = -4*m + 3*m - 4. Let o = m - l. List the prime factors of o.
3
Let o(f) = f**2 + 15*f - 22. Let b be o(-16). Let x = 31 + b. What are the prime factors of x?
5
Suppose 69 = 5*y - 251. List the prime factors of y.
2
Let i(j) = -j**2 - 21*j + 13. What are the prime factors of i(-18)?
67
Let c be (-4)/6 + (-1190)/(-30). Suppose 4*i = 3*q + 42, 5*i + 3*q - c = -0*i. List the prime factors of i.
3
Suppose 4*l - 50 = -l. Suppose 0 = -a - 5*x + l, -3*a + x = -0*a - 62. Suppose 4*c = -c + a. What are the prime factors of c?
2
List the prime factors of 13/52 - 214/(-8).
3
Suppose -3*r = -5*q - 11, 3*r = 2*q - 4*q + 25. List the prime factors of r.
7
Let i = 89 - 30. List the prime factors of i.
59
Suppose -i + 4*z = -12, -4*i + z - 2*z = -116. List the prime factors of i.
2, 7
Let v(n) = 6*n - 16. What are the prime factors of v(7)?
2, 13
Let l(j) = j**3 + 161. List the prime factors of l(0).
7, 23
Let f = 8 + -5. Let i be (2/f)/((-4)/(-18)). What are the prime factors of (-1 + i)*(-9)/(-2)?
3
Suppose -25*t = -21*t - 1132. What are the prime factors of t?
283
Let j be (7 - 3)/((-2)/4). Let r = j - -12. Suppose 42 = r*l + 14. List the prime factors of l.
7
Let h be 6 - (5 + -2) - 1. Suppose 0 = h*t - t - 17. List the prime factors of t.
17
Let i = 31 + -17. Let q = i + -7. What are the prime factors of q?
7
Let d(l) = 3*l**2 + 3*l + 6. What are the prime factors of d(-4)?
2, 3, 7
Suppose -i + 306 = 2*i. List the prime factors of i.
2, 3, 17
Let q = 9 + -5. Suppose -3*f = 2*f - 2*s, 20 = q*s. Suppose 0 = -p - 4*m + 6 + 14, -2*p + f*m = -20. List the prime factors of p.
2, 3
Suppose -c + 5*c - 32 = 2*j, -2*j = -3*c + 26. Let d(k) = 2*k**2 - 2*k - 8. What are the prime factors of d(c)?
2, 13
Let t(m) = m**2 - 7*m + 9. Let a be t(6). Let u(h) = 2*h + 7. What are the prime factors of u(a)?
13
Suppose 3*x + 0 = -3*j + 3, -27 = 5*j - 3*x. Let u(r) = -3*r + 1. List the prime factors of u(j).
2, 5
Let p(z) = 2*z - 10. Let d be p(7). Suppose d*j = 10 + 10. Suppose -21 = -j*b + 29. What are the prime factors of b?
2, 5
Suppose -7*i - 18 = -760. What are the prime factors of i?
2, 53
Suppose -8 + 3 = -3*m - p, -4 = -m + 2*p. Let k be (-2)/4*(2 - 2). Suppose 2*r - m = -2*f + 12, k = -r. What are the prime factors of f?
7
Let z(h) = h**2 - 7*h - 3. Let u be z(8). Suppose -u*p + 18 = 3. Suppose -c - 3*l + 6 = 0, 26 = p*c - 5*l - 20. What are the prime factors of c?
2, 3
Let z(a) = a - 3. Let t be z(3). Let n(p) = -p**2 + 5. Let f be n(t). Suppose 2*c - 2*u = -c + 9, 25 = 2*c + f*u. What are the prime factors of c?
5
Let a(y) be the second derivative of y**3/3 - 7*y**2/2 + y. Let w be a(7). Let b(u) = u - 4. What are the prime factors of b(w)?
3
What are the prime factors of 4/(-8)*6*(-374)/3?
2, 11, 17
Suppose 0 = w - 5*w + 2*z + 8, -5*z = 20. Let r(k) = k**2 + 15. List the prime factors of r(w).
3, 5
Let b = -21 + 21. Suppose m = -b*m + 45. List the prime factors of m.
3, 5
Let g = 59 + 63. List the prime factors of g.
2, 61
List the prime factors of 3*(2 - 231)*1/(-3).
229
Let n(p) be the third derivative of 0*p + 2*p**2 + 0 - 2/3*p**3 + 1/12*p**4. List the prime factors of n(4).
2
Let c(h) = -h**2 - 4*h. Let m be c(-3). Suppose -m*x = -11 - 4. Let r = -1 + x. List the prime factors of r.
2
Let a be 27 - (-3)/((-9)/6). What are the prime factors of (-4)/(-6) + a/3?
3
Let b be -1 + 6/(4/2). Suppose -h = b*h - 123. Suppose 4*j - y = 3*y + 4, -5*j = 4*y - h. What are the prime factors of j?
5
Let i(n) = -n**2 + 3. Let w be i(0). Suppose 0 = -8*q + w*q - 5, u = 5*q + 17. List the prime factors of u.
2, 3
Let p = -26 + 8. Let i = -2 - p. What are the prime factors of i?
2
Let k(p) = p**2 + 6*p - 3. What are the prime factors of k(-7)?
2
Let g(c) = -5*c - 1. What are the prime factors of g(-11)?
2, 3
Suppose -10*o + 7*o + 2*f + 92 = 0, -f = 1. What are the prime factors of o?
2, 3, 5
Let d = -40 - -64. What are the prime factors of d?
2, 3
Let r = 7 - 5. Let a(o) = -o**3 - 6*o**2 - 11*o - 2. Let t be a(-3). Let d = t - r. List the prime factors of d.
2
Let m be 0 + (1 - 0)*-37. Let y = m - -63. List the prime factors of y.
2, 13
List the prime factors of 6/(-2 + -1) - (-695)/5.
137
Let j = -37 + 51. What are the prime factors of j?
2, 7
Let d(j) = 198*j**2 - j + 2. List the prime factors of d(1).
199
Let y = 6 + -3. Suppose 0 = -4*u + 8, y*m = -m - u + 54. What are the prime factors of m?
13
Let s(q) = 4*q**2 - 2*q - 5. List the prime factors of s(-3).
37
Let v(s) = s**2 + 5*s - 6. Let b be v(-5). Let q(g) = g**3 + 5*g**2 - 5*g - 4. Let n be q(b). Let i = 2 - n. List the prime factors of i.
2, 3
Let v(j) = -j**2 + 4*j + 3 + j + 9*j. What are the prime factors of v(14)?
3
Let z(f) = f**3 + f**2 - 2*f + 77. What are the prime factors of z(0)?
7, 11
Suppose 3*b + 4*b - 413 = 0. List the prime factors of b.
59
Let z(w) = 2*w - 2. Let j(v) = -v**2 - 7*v + 4. Let f be j(-7). Suppose 3*n - 2 = -f*h, 0*n + 3*n + 3*h = 3. List the prime factors of z(n).
2
Let t = -14 - -21. Let s = 0 + t. Let i = s + -5. List the prime factors of i.
2
Suppose -4 = 4*j, 5*g - 5*j = -10*j + 375. Suppose -63 = -3*v - v + b, 0 = -5*v + 4*b + g. List the prime factors of v.
2
Let x be -11 + 8 + 0 + 5. Suppose -6*a + x*a = -60. List the prime factors of a.
3, 5
Suppose 1 = m - 1. Suppose -3*j + o = -4 + 2, -3*j = -2*o + m. List the prime factors of j.
2
Let n(l) = 5 - 5*l + 3 + 25*l - 4. Let b be n(-8). What are the prime factors of (4/6)/((-8)/b)?
13
Let k(p) = -8*p - 11. List the prime factors of k(-11).
7, 11
Let z(l) = 4*l**3 - l. Let b(j) = -j - 2. Let v be b(-3). List the prime factors of z(v).
3
Suppose 5*s + 10 = 0, -3*s + 96 + 23 = 5*j. What are the prime factors of j?
5
Let b be (-4 - -4)/(1 - 0). Suppose -5*z - k - 274 = -10*z, b = 5*z + k - 276. Suppose -5*n + 30 = -3*n + 4*y, -z = -3*n + 4*y. List the prime factors of n.
17
What are the prime factors of -1*(1 - -22)*-2?
2, 23
Let z = 6 + -3. Suppose 5*d - 16 = z*d. List the prime factors of d.
2
Suppose 2*o + 16 = -2*o. List the prime factors of 4 - (-25 + o - 2).
5, 7
Let q be (5 + -1)*(-2)/(-1). Let i = -2 + q. What are the prime factors of i?
2, 3
Suppose -199*w - 415 = -204*w. What are the prime factors of w?
83
Let k be 45/6 + (-1)/(-2). Suppose -4*n = -k - 52. Let s = n - 2. List the prime factors of s.
13
Let d(j) be the first derivative of 3 - 2*j - 3/2*j**2. What are the prime factors of d(-6)?
2
Suppose 4*p - 5*g - 66 = 0, 3*p - 6*g - 46 = -4*g. Suppose -p = 2*u - 96. List the prime factors of u.
41
Suppose -3*u + f = -0*u - 13, 2*u = -f + 2. List the prime factors of 2/((-172)/(-56) - u).
2, 7
Suppose -2*j + 10 = -0*j. Suppose -f + 2*p = -0*f + 4, j*f = 2*p + 20. What are the prime factors of f?
2, 3
Suppose -3*p = -b + 39, 0*b + 5*p - 173 = -3*b. List the prime factors of b.
3, 17
What are the prime factors of (-2)/5 - 1360/(-25)?
2, 3
Let o(k) = k**3 - 9*k**2 + 8*k + 3. Let x be o(8). Let u = -7 - -58. Suppose 0 = -x*g + u - 12. List the prime factors of g.
13
Let t = 6 + -36. Let l = t + 69. Let j = -28 + l. What are the prime factors of j?
11
Let l(x) = x + 10. Let u be l(-8). Suppose v = u*v - 11. List the prime factors of v.
11
Suppose 3*g = 7*g - 16. Suppose -2*y + u + 37 = 0, 2*y = -u + g*u + 35. List the prime factors of y.
